{"id":1245,"date":"2016-10-05T09:12:09","date_gmt":"2016-10-05T09:12:09","guid":{"rendered":"http:\/\/demos.famethemes.com\/onepress\/?page_id=1245"},"modified":"2025-10-13T11:40:59","modified_gmt":"2025-10-13T11:40:59","slug":"salonekocenter","status":"publish","type":"page","link":"https:\/\/www.tyosalo.fi\/?page_id=1245","title":{"rendered":"Kierr\u00e4tysmyym\u00e4l\u00e4 Salon Ekocenter"},"content":{"rendered":"<div id='gallery-1' class='gallery galleryid-1245 gallery-columns-4 gallery-size-thumbnail'><figure class='gallery-item'>\n\t\t\t<div class='gallery-icon portrait'>\n\t\t\t\t<img loading=\"lazy\" decoding=\"async\" width=\"150\" height=\"150\" src=\"https:\/\/www.tyosalo.fi\/wp-content\/uploads\/2025\/10\/IMG_1275-002-150x150.jpg\" class=\"attachment-thumbnail size-thumbnail\" alt=\"\" \/>\n\t\t\t<\/div><\/figure><figure class='gallery-item'>\n\t\t\t<div class='gallery-icon portrait'>\n\t\t\t\t<img loading=\"lazy\" decoding=\"async\" width=\"150\" height=\"150\" src=\"https:\/\/www.tyosalo.fi\/wp-content\/uploads\/2025\/10\/IMG_1276-002-150x150.jpg\" class=\"attachment-thumbnail size-thumbnail\" alt=\"\" \/>\n\t\t\t<\/div><\/figure><figure class='gallery-item'>\n\t\t\t<div class='gallery-icon landscape'>\n\t\t\t\t<img loading=\"lazy\" decoding=\"async\" width=\"150\" height=\"150\" src=\"https:\/\/www.tyosalo.fi\/wp-content\/uploads\/2025\/10\/IMG_1281-002-150x150.jpg\" class=\"attachment-thumbnail size-thumbnail\" alt=\"\" \/>\n\t\t\t<\/div><\/figure><figure class='gallery-item'>\n\t\t\t<div class='gallery-icon portrait'>\n\t\t\t\t<img loading=\"lazy\" decoding=\"async\" width=\"150\" height=\"150\" src=\"https:\/\/www.tyosalo.fi\/wp-content\/uploads\/2025\/10\/IMG_1282-002-150x150.jpg\" class=\"attachment-thumbnail size-thumbnail\" alt=\"\" \/>\n\t\t\t<\/div><\/figure><figure class='gallery-item'>\n\t\t\t<div class='gallery-icon landscape'>\n\t\t\t\t<img loading=\"lazy\" decoding=\"async\" width=\"150\" height=\"150\" src=\"https:\/\/www.tyosalo.fi\/wp-content\/uploads\/2025\/10\/IMG_1279-002-150x150.jpg\" class=\"attachment-thumbnail size-thumbnail\" alt=\"\" \/>\n\t\t\t<\/div><\/figure><figure class='gallery-item'>\n\t\t\t<div class='gallery-icon portrait'>\n\t\t\t\t<img loading=\"lazy\" decoding=\"async\" width=\"150\" height=\"150\" src=\"https:\/\/www.tyosalo.fi\/wp-content\/uploads\/2025\/10\/IMG_1283-002-150x150.jpg\" class=\"attachment-thumbnail size-thumbnail\" alt=\"\" \/>\n\t\t\t<\/div><\/figure><figure class='gallery-item'>\n\t\t\t<div class='gallery-icon landscape'>\n\t\t\t\t<img loading=\"lazy\" decoding=\"async\" width=\"150\" height=\"150\" src=\"https:\/\/www.tyosalo.fi\/wp-content\/uploads\/2025\/10\/IMG_1280-002-150x150.jpg\" class=\"attachment-thumbnail size-thumbnail\" alt=\"\" \/>\n\t\t\t<\/div><\/figure><figure class='gallery-item'>\n\t\t\t<div class='gallery-icon portrait'>\n\t\t\t\t<img loading=\"lazy\" decoding=\"async\" width=\"150\" height=\"150\" src=\"https:\/\/www.tyosalo.fi\/wp-content\/uploads\/2025\/10\/IMG_1277-002-150x150.jpg\" class=\"attachment-thumbnail size-thumbnail\" alt=\"\" \/>\n\t\t\t<\/div><\/figure>\n\t\t<\/div>\n\n\n\n<p style=\"font-size:18px\"><strong>Kierr\u00e4tysmyym\u00e4l\u00e4 Salon Ekocenter \u2013 yksil\u00f6llisesti yhdess\u00e4<\/strong><\/p>\n\n\n\n<p style=\"font-size:18px\">Salon Ekocenter on kierr\u00e4tysmyym\u00e4l\u00e4 kauppakeskus Plazassa. Me noudamme hyv\u00e4kuntoiset huonekalut ja muut kodin tuotteet veloituksetta. Voit tilata noudon soittamalla suoraan myym\u00e4l\u00e4n numeroon 040 583 6013.<\/p>\n\n\n\n<p style=\"font-size:18px\">Salon Ekocenteriss\u00e4 voit osallistua <a href=\"https:\/\/tyomarkkinatori.fi\/henkiloasiakkaat\/tietoa-tyoelamasta\/ura-ja-tyosuhde\/tyoelamaan-palaaminen\/kuntouttava-tyotoiminta\">kuntouttavaan ty\u00f6toimintaan<\/a>. Kuntouttava ty\u00f6toiminta voi sopia sinulle, jos olet palaamassa ty\u00f6el\u00e4m\u00e4\u00e4n, aloittelemassa uraasi tai kuntoutumassa sairaudesta tai muutoin vaikeista ajoista. Tarjoamamme palvelu edist\u00e4\u00e4 asiakkaan siirtymist\u00e4 kohti ty\u00f6el\u00e4m\u00e4\u00e4 tuetulla yksil\u00f6- ja ryhm\u00e4toiminnalla, joka on suunniteltu kullekin asiakkaalle yksil\u00f6llisesti. <\/p>\n\n\n\n<p style=\"font-size:18px\">Osallisuus ja ty\u00f6- ja toimintakyky vahvistuvat ty\u00f6yhteis\u00f6n sis\u00e4ll\u00e4 ty\u00f6p\u00e4iv\u00e4n aikana sek\u00e4 erilaisten harjoitusten ja keskusteluiden kautta yhdess\u00e4 ammattilaisen kanssa. Asiakkaan kanssa harjoitellaan el\u00e4m\u00e4nhallintataitoja yksil\u00f6llisen tarpeen mukaan, ja ty\u00f6yhteis\u00f6ss\u00e4 on auktorisoitu personal trainer, joka antaa asiakkaiden tarvitsemaa ohjausta mukaan lukien yksil\u00f6llisesti r\u00e4\u00e4t\u00e4l\u00f6idyt ohjelmat lepoa, liikkumista ja ruokailua varten. Asiakkaan itseluottamusta, pystyvyytt\u00e4 ja toimijuutta edistet\u00e4\u00e4n p\u00e4ivitt\u00e4isiss\u00e4 kohtaamistilanteissa dialogisuutta korostaen ja ty\u00f6toimintateht\u00e4vien kautta. <\/p>\n\n\n\n<p style=\"font-size:18px\">Ty\u00f6toimintateht\u00e4viss\u00e4 mahdollistetaan pienet onnistumiset, jotka osaltaan tukevat asiakkaan pystyvyytt\u00e4 ja itseluottamusta. Salon Ekocenterill\u00e4 ty\u00f6toimintateht\u00e4vin\u00e4 ovat erilaiset kierr\u00e4tysmyym\u00e4l\u00e4n toimintaan liittyv\u00e4t avustavat teht\u00e4v\u00e4t: saapuvan tavaran vastaanotto, lajittelu ja puhdistus, tavaroiden hyllytt\u00e4minen sek\u00e4 j\u00e4rjestely- ja siistimisteht\u00e4v\u00e4t. Osana yksil\u00f6muotoista kuntouttavaa ty\u00f6toimintaa tarjotaan mahdollisuus osallistua suomen kielen keskusteluryhm\u00e4\u00e4n sek\u00e4 erilaisiin retki-, liikunta- ja virkistysp\u00e4iviin. <\/p>\n\n\n\n<p style=\"font-size:18px\">Asiakkaiden ohjauksessa perehdyt\u00e4\u00e4n kattavasti tarvittavaan digiosaamiseen esimerkiksi Ty\u00f6markkinatorin ja muiden asiointipalveluiden osalta. Asiakkaita tuetaan ty\u00f6hakemusten laatimisessa, ty\u00f6hakemusten l\u00e4hett\u00e4misess\u00e4, ty\u00f6haastatteluun valmistautumisessa ja ty\u00f6llistymisen j\u00e4lkeen tarvittaessa ty\u00f6el\u00e4m\u00e4ss\u00e4 p\u00e4rj\u00e4\u00e4misen kanssa.<\/p>\n\n\n\n<p><\/p>\n","protected":false},"excerpt":{"rendered":"<p>Kierr\u00e4tysmyym\u00e4l\u00e4 Salon Ekocenter \u2013 yksil\u00f6llisesti yhdess\u00e4 Salon Ekocenter on kierr\u00e4tysmyym\u00e4l\u00e4 kauppakeskus Plazassa. Me noudamme hyv\u00e4kuntoiset huonekalut ja muut kodin tuotteet veloituksetta. Voit tilata noudon soittamalla suoraan myym\u00e4l\u00e4n numeroon 040 583 &#8230;<\/p>\n","protected":false},"author":2,"featured_media":0,"parent":0,"menu_order":0,"comment_status":"closed","ping_status":"closed","template":"template-fullwidth.php","meta":{"footnotes":""},"class_list":["post-1245","page","type-page","status-publish","hentry"],"_links":{"self":[{"href":"https:\/\/www.tyosalo.fi\/index.php?rest_route=\/wp\/v2\/pages\/1245","targetHints":{"allow":["GET"]}}],"collection":[{"href":"https:\/\/www.tyosalo.fi\/index.php?rest_route=\/wp\/v2\/pages"}],"about":[{"href":"https:\/\/www.tyosalo.fi\/index.php?rest_route=\/wp\/v2\/types\/page"}],"author":[{"embeddable":true,"href":"https:\/\/www.tyosalo.fi\/index.php?rest_route=\/wp\/v2\/users\/2"}],"replies":[{"embeddable":true,"href":"https:\/\/www.tyosalo.fi\/index.php?rest_route=%2Fwp%2Fv2%2Fcomments&post=1245"}],"version-history":[{"count":12,"href":"https:\/\/www.tyosalo.fi\/index.php?rest_route=\/wp\/v2\/pages\/1245\/revisions"}],"predecessor-version":[{"id":2389,"href":"https:\/\/www.tyosalo.fi\/index.php?rest_route=\/wp\/v2\/pages\/1245\/revisions\/2389"}],"wp:attachment":[{"href":"https:\/\/www.tyosalo.fi\/index.php?rest_route=%2Fwp%2Fv2%2Fmedia&parent=1245"}],"curies":[{"name":"wp","href":"https:\/\/api.w.org\/{rel}","templated":true}]}}