{"id":1571,"date":"2021-08-09T10:52:39","date_gmt":"2021-08-09T10:52:39","guid":{"rendered":"http:\/\/tyosalo.fi\/?page_id=1571"},"modified":"2026-01-02T09:22:27","modified_gmt":"2026-01-02T09:22:27","slug":"yhteystiedot","status":"publish","type":"page","link":"https:\/\/www.tyosalo.fi\/?page_id=1571","title":{"rendered":"Yhteystiedot"},"content":{"rendered":"\n<p class=\"has-text-align-center has-huge-font-size\"><strong><span class=\"has-inline-color has-black-color\">YHTEYSTIEDOT<\/span><\/strong><\/p>\n\n\n\n<p class=\"has-text-align-center\" style=\"font-size:28px\"><strong>YLEISJOHTO<\/strong><\/p>\n\n\n\n<p><\/p>\n\n\n\n<div class=\"wp-block-group\"><div class=\"wp-block-group__inner-container is-layout-flow wp-block-group-is-layout-flow\"><\/div><\/div>\n\n\n\n<h3 class=\"wp-block-heading has-text-align-center\"><strong>JANET FORSBERG<\/strong><\/h3>\n\n\n\n<p class=\"has-text-align-center\">toiminnanjohtaja, palveluyksik\u00f6n vastuuhenkil\u00f6, OTM<\/p>\n\n\n\n<p class=\"has-text-align-center\">juristi, ty\u00f6kykykoordinaattori<\/p>\n\n\n\n<p class=\"has-text-align-center\">+358 400 631 426<\/p>\n\n\n\n<p class=\"has-text-align-center\">janet.forsberg@tyosalo.fi<\/p>\n\n\n\n<p><\/p>\n\n\n\n<p class=\"has-text-align-center\" style=\"font-size:28px\"><strong>KUNTOUTTAVA TY\u00d6TOIMINTA<\/strong><\/p>\n\n\n\n<p><\/p>\n\n\n\n<h3 class=\"wp-block-heading has-text-align-center\"><strong>JOHANNA VIRTANEN<\/strong><\/h3>\n\n\n\n<p class=\"has-text-align-center\">palvelupisteiden vastuuhenkil\u00f6, sosionomi (AMK) <\/p>\n\n\n\n<p class=\"has-text-align-center\">sosiaaliohjaaja, ty\u00f6llisyyden edist\u00e4misen asiantuntija, personal trainer<\/p>\n\n\n\n<p class=\"has-text-align-center\">+358 44 368 7714<\/p>\n\n\n\n<p class=\"has-text-align-center\">johanna.virtanen@tyosalo.fi<\/p>\n\n\n\n<p><\/p>\n\n\n\n<p class=\"has-text-align-center\"><\/p>\n\n\n\n<p><\/p>\n\n\n\n<h3 class=\"wp-block-heading has-text-align-center\"><strong>TONI M\u00c4\u00c4TT\u00c4NEN<\/strong><\/h3>\n\n\n\n<p class=\"has-text-align-center\">ty\u00f6nohjaaja, myyj\u00e4<\/p>\n\n\n\n<p class=\"has-text-align-center\">+358 40 583 6013<\/p>\n\n\n\n<p class=\"has-text-align-center\"><\/p>\n\n\n\n<p class=\"has-text-align-center\" style=\"font-size:28px\"><\/p>\n\n\n\n<p><\/p>\n\n\n\n<p><\/p>\n\n\n\n<h3 class=\"wp-block-heading has-text-align-center\"><\/h3>\n\n\n\n<p class=\"has-text-align-center\"><\/p>\n\n\n\n<p class=\"has-text-align-center\"><\/p>\n\n\n\n<p><\/p>\n\n\n\n<p><\/p>\n\n\n\n<p class=\"has-text-align-center\"><\/p>\n\n\n\n<p class=\"has-text-align-center\"><\/p>\n\n\n\n<p><\/p>\n\n\n\n<p><\/p>\n","protected":false},"excerpt":{"rendered":"<p>YHTEYSTIEDOT YLEISJOHTO JANET FORSBERG toiminnanjohtaja, palveluyksik\u00f6n vastuuhenkil\u00f6, OTM juristi, ty\u00f6kykykoordinaattori +358 400 631 426 janet.forsberg@tyosalo.fi KUNTOUTTAVA TY\u00d6TOIMINTA JOHANNA VIRTANEN palvelupisteiden vastuuhenkil\u00f6, sosionomi (AMK) sosiaaliohjaaja, ty\u00f6llisyyden edist\u00e4misen asiantuntija, personal trainer +358 &#8230;<\/p>\n","protected":false},"author":1,"featured_media":0,"parent":0,"menu_order":0,"comment_status":"closed","ping_status":"closed","template":"template-fullwidth.php","meta":{"footnotes":""},"class_list":["post-1571","page","type-page","status-publish","hentry"],"_links":{"self":[{"href":"https:\/\/www.tyosalo.fi\/index.php?rest_route=\/wp\/v2\/pages\/1571","targetHints":{"allow":["GET"]}}],"collection":[{"href":"https:\/\/www.tyosalo.fi\/index.php?rest_route=\/wp\/v2\/pages"}],"about":[{"href":"https:\/\/www.tyosalo.fi\/index.php?rest_route=\/wp\/v2\/types\/page"}],"author":[{"embeddable":true,"href":"https:\/\/www.tyosalo.fi\/index.php?rest_route=\/wp\/v2\/users\/1"}],"replies":[{"embeddable":true,"href":"https:\/\/www.tyosalo.fi\/index.php?rest_route=%2Fwp%2Fv2%2Fcomments&post=1571"}],"version-history":[{"count":52,"href":"https:\/\/www.tyosalo.fi\/index.php?rest_route=\/wp\/v2\/pages\/1571\/revisions"}],"predecessor-version":[{"id":2407,"href":"https:\/\/www.tyosalo.fi\/index.php?rest_route=\/wp\/v2\/pages\/1571\/revisions\/2407"}],"wp:attachment":[{"href":"https:\/\/www.tyosalo.fi\/index.php?rest_route=%2Fwp%2Fv2%2Fmedia&parent=1571"}],"curies":[{"name":"wp","href":"https:\/\/api.w.org\/{rel}","templated":true}]}}